?
True
Let v(i) = -i**3 - 10*i**2 + 12*i + 13. Let m be (-6)/(-24) + (-90)/8. Let q be v(m). Suppose -96 = -q*t - 2*t. Is t a multiple of 10?
False
Let s(y) = -87*y + 80. Is s(-6) a multiple of 16?
False
Let m(r) = -r**3 + 22*r**2 - 41*r + 22. Let d be m(20). Let z(i) = 3*i - 4. Let g be z(3). Suppose -b = d - g. Is b a multiple of 2?
False
Let k(j) = -j. Let d be k(-3). Suppose d*v = 26 + 67. Does 24 divide v?
False
Let s(r) = 99*r - 21. Is 24 a factor of s(7)?
True
Suppose 4*g + 12 = -0. Let i(t) = -22*t + 6371 - 6371. Is 22 a factor of i(g)?
True
Suppose 4*g = 5*m - 233, -g + 3*m - 30 - 30 = 0. Let q = 86 + g. Does 29 divide q?
True
Let o = 44 - 36. Is o*1 - (-7 + 9) even?
True
Let n(v) = -2*v**3 - 14*v**2 + 8*v + 25. Let l be n(-10). Suppose l = 5*d - 0*b - 3*b, 0 = 2*b - 10. Is 16 a factor of d?
True
Let r(a) be the second derivative of -a**6/120 - a**5/12 + a**4/3 - a**3 - a**2 + a. Let c(l) be the first derivative of r(l). Does 14 divide c(-7)?
False
Let l be 4/22 - (-6588)/66. Does 12 divide 414/(-5)*l/(-30)?
True
Suppose -3*l = -77 - 499. Let p = -105 + l. Is 20 a factor of p?
False
Let i(y) = -4*y**2. Let o be i(1). Let x(r) = r + 7. Let q be x(o). Suppose -139 - 107 = -q*c. Is c a multiple of 13?
False
Let n(c) = 2 + 1 - 5 + c. Suppose 13 = -8*s + 93. Is 8 a factor of n(s)?
True
Let q = -354 - -771. Does 14 divide q?
False
Suppose 5*b + 49 = 2*i, -2*i - 3*i + 4*b = -80. Let f = -2 + i. Is (f/(-3))/(10/(-15)) a multiple of 2?
False
Let g = -1051 + 1352. Does 7 divide g?
True
Suppose 59 = 8*b - 109. Let l = 0 + 0. Suppose -h + l = -3, 0 = z - 2*h - b. Is 27 a factor of z?
True
Is 2 a factor of (-2)/(-10) + 810/75?
False
Suppose 0 = -2*t + 28 - 10. Suppose 5*d = t*d + 4. Is d - -3 - 5 - -87 a multiple of 14?
True
Let x(l) = -l**3 - 3*l**2 + 10*l - 2. Let b be x(-5). Is ((-34)/3)/(b - (-12)/9) a multiple of 9?
False
Suppose 2*n + 5*d - 3133 = 8*d, 0 = 5*d - 5. Does 32 divide n?
True
Suppose -3*m = -6, 18 = -4*c + 2*m - 7*m. Let s = c + 11. Suppose s*i = 146 - 26. Is i a multiple of 10?
True
Let c be (18/(-8))/((-6)/(-960)*12). Let k = c + 182. Is k a multiple of 38?
True
Suppose -2*m - 12 = 2*m - 2*b, -b + 10 = -3*m. Suppose 2*i - 9 = -4*f - 81, 4*i + 64 = -4*f. Let x = m - f. Is x a multiple of 8?
True
Let t(a) = -31*a + 12. Let o be t(15). Is 2*(3 - o/6) a multiple of 27?
False
Let r(i) be the third derivative of i**6/60 - 2*i**5/15 + 5*i**4/24 - 5*i**3/6 - i**2 - 2*i. Is r(5) a multiple of 35?
True
Suppose 6*j = 2*j - 12. Let p be 30/j*(-15)/(-2). Let i = p + 135. Does 20 divide i?
True
Let u(d) = 28*d**2 - 7*d. Does 23 divide u(-4)?
False
Suppose 0 = 4*c - 7*c + 2*i + 3, -4*c = -5*i + 3. Let g be (c + 3)*4 - 0. Suppose -20 = -3*w + 2*y - 4*y, 0 = -w - 5*y + g. Does 2 divide w?
True
Suppose 9*r - r = 0. Let b = -62 - -122. Suppose b = -r*h + h. Is 15 a factor of h?
True
Let q(j) = j + 1. Let u(i) be the first derivative of -i**3/3 + 7*i**2 - 15*i + 7. Let n(l) = 2*q(l) - u(l). Is 6 a factor of n(11)?
True
Let z(j) = -j**3 + 4*j**2 + j - 1. Let u be z(4). Let a(m) = -m**3 + 5*m**2 - 2*m + 1. Let k be a(u). Suppose -4*o = k - 157. Is 12 a factor of o?
True
Suppose -g - 12 = -5*g, -3*g = 3*t - 882. Is t a multiple of 47?
False
Let u be (-3 + 2)/((-1)/121). Let c = 170 + u. Does 23 divide c?
False
Let s(b) be the second derivative of -1/12*b**4 + 0 - 3*b**2 + 7*b + 5/2*b**3. Does 5 divide s(13)?
True
Let z(y) = -y**3 - 27*y**2 + 6*y + 64. Does 20 divide z(-28)?
True
Is 3 - 253/88 - (-42453)/24 a multiple of 43?
False
Let y = 7 + -5. Let m be (21 - 1) + 6/y. Let u = m + -8. Does 5 divide u?
True
Suppose -r + 25 = -4*d + 7, -4*r + 30 = -2*d. Is 13 a factor of r/(-4)*1/3*-26?
True
Suppose 4*x - 5*x + 47 = 0. Does 15 divide x?
False
Suppose -9*b = -10*b + 2129. Does 14 divide b?
False
Suppose 77*o = k + 76*o - 1188, 3*k - 3563 = 4*o. Does 41 divide k?
True
Suppose 3*a = 5*g + 3027, -4*g - 1447 = -3*a + 1580. Does 98 divide a?
False
Let g be 6*(-1 - (-2 - 59)). Suppose v = 5*v - g. Is v a multiple of 13?
False
Let s = 120 + 136. Is s a multiple of 32?
True
Suppose -2*l - 8 = 0, -3*p + 5*l + 4982 = 1407. Is 10 a factor of p?
False
Let r(g) = g + 7. Let a be r(-10). Does 23 divide 2 - (-2 - a)*-44?
True
Let s = 11 - 8. Suppose -5*y + z = -310, s*z = -2*y + 4*z + 121. Is 9 a factor of y?
True
Is 6 a factor of (16/2)/((4 + 1)/60)?
True
Let a(n) = 3*n**2 + n + 7. Suppose -7*v = -1 - 13. Let w be 4 + -3*v/(-6). Does 20 divide a(w)?
False
Suppose 0 = 4*i - 12, -2*i + 2 - 16 = -4*n. Suppose 0 = n*z - 0*z - 2*a - 560, 4*z + 3*a - 425 = 0. Is z a multiple of 10?
True
Suppose 426 = i - 966. Does 48 divide i?
True
Let c be 81 + -2 + 2 - -1. Let r = 196 - c. Suppose -2*j = -5*u + r, -4*j + 36 = 2*u - 0*j. Does 16 divide u?
False
Let j be 26/7 + 8/28. Is (140/25)/1*10/j a multiple of 7?
True
Suppose -13 = -2*q + 7. Let a be ((-16)/20)/(4/q). Does 4 divide 7 + -1 - a/(-1)?
True
Suppose 316 + 235 = 2*n + 3*g, 3*n - 2*g = 859. Does 7 divide n?
False
Let z(x) be the first derivative of -x**4/4 + 3*x - 5. Is z(-3) a multiple of 6?
True
Let k(n) = 268*n - 385. Does 71 divide k(7)?
True
Let l(c) = 2 + 0 - 3 + c. Let w be l(4). Suppose 2*k = -w*k + 125. Is k a multiple of 7?
False
Suppose 5*a - 1680 = 19*l - 18*l, 0 = 3*a - 3*l - 1008. Is 14 a factor of a?
True
Let k(w) = 60*w + 6. Let f be k(1). Let q = f + -30. Is 17 a factor of q?
False
Let z be (5 + -5)/(2/(-2)). Suppose 5*k - 58 = -3*i + 20, -4*i - 5*k + 104 = z. Is i a multiple of 23?
False
Let r be ((-14)/3)/(2/9*-3). Suppose -g = -r*g + 924. Is 22 a factor of g?
True
Suppose 0 = 2*q - 2*w - 186, 3*q + 26 = 4*w + 304. Is q a multiple of 7?
False
Let f(r) be the first derivative of 10*r + 3/2*r**2 + 1/3*r**3 - 9. Is f(-7) a multiple of 19?
True
Suppose 0 = -4*i - 0*i - a + 249, i + 5*a - 67 = 0. Suppose 3*x - i = 91. Suppose -2*y + 9 = -x. Is y a multiple of 11?
False
Let x be -1 + -2 + 8 + -3. Suppose -3*f = -7 - x. Suppose f*p + 2*s = 69, p = s + 2*s + 23. Is 10 a factor of p?
False
Suppose 5*c = 7*c - 1438. Let d = -429 + c. Is 26/91 + d/14 a multiple of 21?
True
Suppose -p - 749 = -833. Is p a multiple of 3?
True
Let t(a) = -a**3 - 9*a**2 - 7*a + 10. Let y(r) = -r**3 + 6*r**2 - 8*r + 7. Let s be y(5). Let c be t(s). Suppose c*k - 43 = 5. Is k a multiple of 8?
True
Does 20 divide 1/7 - 24688/(-56)?
False
Suppose 0 = s + 5*a - 2, 0 = 5*s - 0*a + 5*a - 10. Is 78 + 0 + (6 - s - 1) a multiple of 10?
False
Suppose -118*h + 114*h + 80 = 0. Does 2 divide h?
True
Let q = 44 - 42. Suppose -n - 4*w + 6 = 0, 4*n = w + 2*w + 100. Suppose -54 = -q*i + n. Is 19 a factor of i?
True
Let q be (-52)/(-5)*(-35)/(-14). Suppose 5*m + 23 = 4*y, 5*y - q = -m + 39. Suppose -5*a + y = -4*a. Is a a multiple of 10?
False
Suppose 0 = -10*k + 8714 - 1124. Does 33 divide k?
True
Let j = 775 + -569. Is j a multiple of 42?
False
Suppose -3*z = -16*z - 364. Let o = z - -112. Does 4 divide o?
True
Let o(r) = 3*r**2 - 8*r - 7. Let u be o(-8). Suppose -2*d = -5*b - u, -5*d = -b - 52 - 513. Is 28 a factor of d?
True
Suppose 0 = u + 5*a - 183 - 147, a + 1598 = 5*u. Is 32 a factor of u?
True
Let u(x) = x**2 - 3*x - 11. Suppose -3*q - 9 = 3. Is u(q) a multiple of 3?
False
Let m be (-6)/(-4)*(-1 + -3). Let r(g) = 4*g**2 + 5*g - 10. Let j(v) = -21*v**2 - 24*v + 51. Let h(c) = 2*j(c) + 11*r(c). Is h(m) a multiple of 11?
True
Is 2/19 - 54240/(-228) a multiple of 14?
True
Let w(o) = -2*o + 2. Let a be w(-2). Suppose 0 = i - 0*i - a. Suppose i*m - 9*m + 96 = 0. Is m a multiple of 11?
False
Let y = -971 + 1334. Does 11 divide y?
True
Suppose -5*x = 2*g + 42, 3*g = -2*x - 3*x - 58. Let v = 41 + g. Is v a multiple of 5?
True
Is (-36)/12 + 2387 - (4 + -1) a multiple of 8?
False
Suppose -45*m + 10568 = 1928. Is 12 a factor of m?
True
Let w be (13 - 9) + (0 - -18). Let x be ((-4)/6)/((-1)/6). Suppose 4*m - w = 2*t, -4*m + 8 = -2*m - x*t. Is m a multiple of 6?
True
Let t = 6 - 0. Let d(x) = -x + 7. Let y be d(5). Suppose 0 = 5*m - 10*m - 5*g + 375, t = y*g. Is 25 a factor of m?
False
Let w(k) = 2*k + 6. Let z(d) = d**2 + 2*d + 2. Let v be z(-2). Let s be v/(3 - (-28)/(-12)). Does 4 divide w(s)?
True
Let t(i) = -321*i**3 - i**2. Let p be t(1). Is 21 a factor of p/(-4) - 7/14?
False
Let y(b) = -2*b - 25. Let n = 14 + -18. Let t be (2/n)/(4/136). Is y(t) 